 - 33 - -13)
12
What is -3 + 14 + (-2 + -3 - (4 + -5))?
7
Calculate -26 + 67 + (16 - 40).
17
What is -5 + -4 + 3 + 13 + 5?
12
What is (0 - 2) + 11 + 5 + 5 + -9?
10
What is the value of 0 + (-1 - 4) + (-82 - -7) + 72?
-8
What is -9 + (16 + (-7 - 12) - -28)?
16
What is (4 - (4 + 0 + 4 + 4)) + 2?
-6
What is the value of -2 + (-5 - -8 - 1) + (2 - 8)?
-6
0 - -11 - (9 + -14 + -3 + 15)
4
Calculate (1 - 4) + (14 - 50) + 33.
-6
What is the value of (-1 - -5) + 1 + -5 + (8 - 11)?
-3
Calculate (17 - 3 - -15) + -23.
6
What is -11 - (58 - 65 - (-8 + 1)) - 3?
-14
Calculate (13 - 38 - -19) + -6.
-12
Evaluate -1 - (6 + -13 - 4).
10
Evaluate (1 - -5) + -38 + (13 - -7).
-12
7 + (15 + (-18 - -1) - (0 - 1))
6
Evaluate 7 + -8 - (0 + 6 - (-36 - -38)).
-5
-32 + 33 + -16 + 2 + -1 + -5
-19
What is the value of -2 - -17 - (32 - 19)?
2
What is -200 + 206 + 0 + -18?
-12
What is the value of -11 + 1 - (-10 + -17 + 23 + 5)?
-11
What is the value of 6 - (22 + -19 + (-5 - -2 - 1))?
7
Evaluate (28 - (2 - (-10 - -4))) + 0.
20
Calculate 12 - 13 - -6 - 30 - (-2 - 1).
-22
What is -984 - -1015 - (39 - 2)?
-6
What is the value of -2 + 34 + -15 + -2 - 31?
-16
Evaluate 19 + (0 - (5 + -6 - -10)).
10
Evaluate -26 + (58 - (21 + -10)).
21
Evaluate -39 - (36 + -64 - 29).
18
-11 - (-34 - -5 - (23 - 34))
7
Calculate (-12 - -28 - 12) + 11 - 8.
7
What is the value of (-13 - (-1 + -3 - 5)) + (-5 - 2)?
-11
10 - (23 - (-9 - -7) - 1) - -6
-8
What is the value of (1 - 2) + (16 - 10) + 11?
16
Calculate 22 - 3 - (187 - 192).
24
Evaluate (-10 - -1) + (18 - (28 + -14)) + 21.
16
What is 26 + (-16 - -6) + (1 - 1)?
16
What is the value of 70 + -74 - (2 - 18)?
12
(1 - (-3 + -2)) + (-21 - (-14 - 9))
8
What is the value of (10 + (13 - 11) - 4) + -8 + -35?
-35
What is 8 + (2 + -1 - (1 - 0))?
8
-1 + 8 + (3 - -1 - (-3 - -9))
5
What is the value of (-72 - -62 - (-12 + 4)) + 23?
21
(-21 - (-2 + 3)) + 25
3
What is the value of -6 + 7 + 3 + 2?
6
(0 - -1 - ((-5 - -16) + -2)) + 0
-8
Calculate 7 + (0 - -6) + -65 + 58.
6
Evaluate -11 + 19 + 0 + -119 + 129.
18
What is 8 + -25 + 20 + -20 + 2?
-15
What is 11 + -9 + (-5 - (-30 - (-4 + 5)))?
28
Calculate (-3 - 2 - (8 - 6)) + 15.
8
14 + (-1 - (-6 + -6) - 2) + -15
8
-9 + 0 - (466 + -461)
-14
0 - (8 - 10 - 5) - (0 - 7)
14
-113 + (203 - 82) - (25 + (1 - 1))
-17
Calculate -18 - -1 - (-66 - -38).
11
Calculate -7 - (-16 - (-21 - -27)).
15
Calculate 21 + -16 - (-25 - -10).
20
2 - (-1 - 1) - (64 + -65)
5
What is 14 + (-10 + 10 - 10) + -11?
-7
(39 + 2 - -3) + -3 - (281 - 275)
35
Evaluate 11 - (0 - (-1 + 2)).
12
-100 + 88 - (-3 + -15)
6
What is the value of (-5 - (9 + -11)) + (0 - -6)?
3
What is the value of -4 + -2 + -4 - -29 - -1?
20
What is -8 + -11 + 10 + -1 + (0 - 1)?
-11
Calculate 61 - ((30 - 12) + 8).
35
Calculate -3 + 29 + (3 - 57).
-28
Evaluate 4 + -28 - (-16 - (-13 - 0)).
-21
What is 13 + 13 + -23 + -14?
-11
What is the value of (-36 - -63) + (-4 - -1)?
24
Evaluate -11 + 8 + 8 - (0 - 5).
10
What is the value of -2 + -1 + (21 - (-15 + 52) - -3)?
-16
Evaluate (-19 - 0) + 16 - (3 + 0).
-6
Evaluate (-8 - (1 + 1)) + -558 + 540.
-28
What is 10 - (-15 - (-2 + -12)) - -11?
22
Evaluate (-5 - 3 - (9 - -29)) + 14.
-32
What is the value of (-15 - -10 - (-25 + 26)) + 15?
9
Evaluate -10 + (-35 - (-29 + 5)).
-21
Calculate 2 - (24 - (15 - 12)).
-19
Evaluate -1 - (-3 + -24 - -5).
21
(-42 - (15 - 20)) + 36
-1
Calculate 47 + -35 + 16 + -10.
18
What is -2 + -3 + -1 + (-4 - (-9 + 5))?
-6
(-3 - -7 - -11 - 6) + -6
3
Evaluate -1 - -1 - -10 - (1527 + -1498).
-19
What is -13 - (-9 + (17 - 22))?
1
Evaluate -2 + (1 - -9) + -16 + 13.
5
What is the value of 2 + (10 - 17) + 0 + 30?
25
(1 + 9 - 1 - (-776 - -779)) + -4
2
Calculate -10 + 4 - (-3 + 3 - -6).
-12
-7 + 0 - (-17 + 20 + -8) - -1
-1
What is the value of 21 - (16 + -12 - -18)?
-1
Calculate 31 - (1 + 1 + -12 + -7 + 23).
25
Evaluate 9 - (9 + 1 + (-34 - -32)).
1
What is the value of 17 + 3 + -10 + 6 + 0 + -1?
15
(100 - 99) + (6 - (7 + -15))
15
Calculate -41 - (-73 - -39) - -37.
30
0 - ((-2 - -4) + (10 - (-11 - -18)))
-5
What is the value of -3 + 3 + (10 + -8 - 4)?
-2
What is the value of -17 - (-48 + -1 + 12)?
20
27 + -9 + -10 + -26
-18
What is the value of -13 + -31 - (19 + -14 + -20)?
-29
What is 2 + -6 + 8 - (-4 + 4)?
4
Evaluate 0 - (-1 + -4) - (-9 + 36) - -4.
-18
Calculate (-12 - -22) + 1 + (6 - 6).
11
What is the value of -36 - -37 - (-1 - -8)?
-6
Evaluate (877 - 875) + 10 + -1.
11
Calculate 19 - (15 + (1 - 8)).
11
What is 10 + -6 + -16 - -6 - (1 + 5)?
-12
(3 + (9 - 23) - -2) + (21 - 9)
3
What is the value of (-4 - 1) + -4 + 17 + (-3 - 5)?
0
-23 + 20 + 11 + (-12 - 0)
-4
What is the value of (10 - (34 - 11)) + 43 - 13?
17
(-1 + 9 - 25) + (-5 + -5 - -15)
-12
What is the value of 2 + -3 - -19 - 0 - 4?
14
What is 0 + -22 + 540 + -509?
9
12 - -2 - (-3 + 5)
12
Evaluate 25 - (1 + 9 + -6).
21
What is 16 + -26 + 9 + -6 + 3?
-4
Calculate 1 + 20 + -16 + 8.
13
9 + 0 - 1 - (52 + -51)
7
Calculate -42 + (-29 + 39 - -6).
-26
What is the value of -6 - (-3 - -5) - (23 - (-6 - -2))?
-35
Calculate (3 - -2 - 10) + (42 - 46).
-9
What is the value of 2 + 1 + (-9 - -2)?
-4
-3 - (3 + -6) - ((3 - 11) + 7)
1
What is (9 - 5) + (1 - (-10 - -8))?
7
Evaluate -7 + 1 + -2 + (-41 - -40 - -16).
7
What is 27 - -2 - (13 - -5)?
11
Evaluate 11 + (11 + -16 - 11).
-5
Calculate -13 - 0 - (3 - (10 - (9 - 0))).
-15
7 + -4 + 6 - (-3 + -6 + 6)
12
What is 1 - 16 - (75 + -85) - -17?
12
Calculate (5 - 12) + 6 + -7 + -2.
-10
Calculate (-7 - (3 - -1)) + (7 - -7).
3
8 + -8 + -8 - -1
-7
Calculate -21 - 12 - (-57 - -53).
-29
Evaluate 40 - (-35 + 125 + -30).
-20
What is the value of 8 + (1 - 9) + 2 + (5 - 17)?
-10
What is the value of (13 - 103 - -45) + 33?
-12
-1 + 4 + 0 + (8 + -2 - 5)
4
Evaluate -10 - 27 - (-9 + 11 + -2).
-37
What is 24 + (-6 - (-3 + -1 + 5))?
17
Evaluate -18 + (16 - 20) + 15.
-7
Evaluate -41 + (4 - -41) + -11.
-7
Calculate 3 + (-1030 + 1017 - (-9 + -1 + 1)).
-1
What is the value of (10 - 9) + (18 - 7)?
12
Evaluate 1 + 0 - (-864 + 820 + 18 + -1).
28
Evaluate -27 + 2 + 3 + 2 + 1.
-19
What is 12 + 5 + -6 - (18 - 10)?
3
(-4 - (3 - 4)) + -10 + (3 - -2)
-8
What is the value of -6 + -2 - (-11 - -22) - -1?
-18
What is the value of -43 + 52 + 0 + 2?
11
Evaluate (4 - -19) + (-27 - -13) - -12.
21
What is the value of -36 + 37 - (-4 + 1) - (0 - -1)?
3
What is the value of 1 + (-20 - -5) - -17?
3
What is 29 + -17 - -1 - -1?
14
Evaluate -2 + -14 - ((10 - 26) + 13).
-13
What is 17 - (5 + -6 + -8 + -2)?
28
What is 41 - (37 + -3) - (-8 + (2 - 2))?
15
What is the value of 22 + 16 + -28 - (4 + 0)?
6
What is 1400 - 1355 - (28 - -1)?
16
What is the value of 18 + (2 - -6) + (6 - 1) + 4?
35
What is the value of (0 - 9) + (2 - -8) + -5 - -12?
8
What is 17 + -2 + (9 - -2) + -15 + 13?
24
Calculate (10 - 6) + 3 + -9.
-2
13 + (16 - 13) - 9
7
What is -43 + 26 + (4 + 7 - 2)?
-8
8 + -19 + 14 - (8 + 0)
-5
7 + (8 - (9 + 0) - (5 + -13))
14
Evaluate 11 - ((-14 - -12) + 17) - (8 + -2).
-10
Calculate 14 - -2 - (-3 + 13 + 2).
4
Evaluate -18 - (-6 + (-2 - -1) - 2).
-9
What is 4 - (3 - 3) - (515 + -513)?
2
What is the value of -22 + (16 - 5 - -1) + -14?
-24
What is the value of (21 + -7 + -7 - 5) + (13 - 9)?
6
Calculate -10 - (-3 + -1 - (59 - 59)).
-6
What is -1 + 14 - (-3 - 1 - -13)?
4
What is -2 + -15 + 1 + 3?
-13
What is (-1 - (-6 + -3 - (22 + -26))) + -5?
-1
9 + (-12 - -7) + (2 - 10) - -6
2
What is 1 + 3 + (-6 - (-11 + 11)) + 10?
8
Evaluate -10 - (-56 + -14 + 32).
28
-2 + -4 - (25 - 32) - -12
13
What is 7 + -14 + -3 + 14 + 28?
32
What is the value of -3 + (-1 - (-2 - 3) - 1)?
0
(5 - 9 - -10) + (-7 - -2)
1
-4 + (-6 - (-6 + 2)) - 6
-12
Evaluate (-121 + 122 - (-1 + (10 - 2))) + -16.
-22
Evaluate -115 + 128 - (0 - -15).
-2
What is the value of 1 + (-7 - -13) + -3 + -2 + -22?
-20
What is (5 - (7 + 3)) + 0 + 10?
5
18 - (34 + (26 - 25))
-17
Calculate -12 - (13 - (-1 + 16)).
-10
Evaluate (-5 - -2) + (13 - (-12 + 31)) - 7.
-16
Evaluate -722 + 724 + -1 + (20 - 2).
19
Evaluate -4 + (14 - ((2 - -8 - 2) + -4)).
6
What is -1 + 6 + 0 + 49 + (-66 - -29)?
17
What is the value of -4 + (3 - (14 - 19))?
4
(-2 - (2 + 6 + -5)) + 15
10
(14 - 5) + 5 + -3 - -6
17
Evaluate (0 - -4) + -2 + -5 - -8.
5
What is 6 + -9 - (-6 + 10 + -38) - 10?
21
What is 2 - -7 - (-38 + 44)?
3
Calculate -29 - (-16 - (19 + -9)).
-3
Evaluate 10 - (-6 + 4 + 8 + 